{"id":553,"date":"2017-06-26T18:59:39","date_gmt":"2017-06-26T16:59:39","guid":{"rendered":"http:\/\/medynia-lancucka.osp.org.pl\/?page_id=553"},"modified":"2017-06-27T09:59:09","modified_gmt":"2017-06-27T07:59:09","slug":"sport-pozarniczy","status":"publish","type":"page","link":"http:\/\/medynia-lancucka.osp.org.pl\/?page_id=553","title":{"rendered":"Sport po\u017carniczy"},"content":{"rendered":"<p>Zawody sportowo-po\u017carnicze to nieod\u0142\u0105czny element z kt\u00f3rym zwi\u0105zana jest ochotnicza stra\u017c po\u017carna. Druhowie niejednokrotnie reprezentowali nasz\u0105 jednostk\u0119, gmin\u0119 oraz powiat zajmuj\u0105c cz\u0119sto wysokie miejsca na podium. Jednym z wi\u0119kszych sukces\u00f3w kt\u00f3ry uda\u0142o si\u0119 osi\u0105gn\u0105\u0107 stra\u017cakom z naszej jednostki jest trzecie miejsce na wojew\u00f3dzkich zawodach-sportowo po\u017carniczych w grupie A. Ca\u0142y czas dbamy o to aby podnosi\u0107 swoje umiej\u0119tno\u015bci w r\u00f3\u017cnych grupach wiekowych oraz dumnie reprezentowa\u0107 jednostk\u0119 podczas rywalizacji. Na chwil\u0119 obecn\u0105 mo\u017cemy si\u0119 poszczyci\u0107 trzema dru\u017cynami, jedn\u0105 m\u0119sk\u0105 oraz dwiema m\u0142odzie\u017cowymi:<\/p>\n<p>I. Grupa CTIF ch\u0142opc\u00f3w:<\/p>\n<p>1. Kacper Wo\u015b<br \/>\n2. Piotr K\u0119pa<br \/>\n3. Waldemar K\u0142onicki<br \/>\n4.\u00a0Mateusz Do\u0142\u0119ga<br \/>\n5. Marcin Chmiel<br \/>\n6. Krystian Litwin<br \/>\n7. Bartek Lech<br \/>\n8. Konrad Kornak<br \/>\n9. Kacper Piersiak<br \/>\n10. Arkadiusz Wo\u015b<\/p>\n<p>II. Grupa CTIF dziewcz\u0105t:<\/p>\n<p>1. Gabriela Dembowska<br \/>\n2. Justyna Bu\u017c<br \/>\n3. Karolina Grzesik<br \/>\n4. Martyna Grzesik<br \/>\n5. Weronika Chorz\u0119pa<br \/>\n6. Katarzyna Kotula<br \/>\n7. Aleksandra Witek<br \/>\n8. Zuzanna Urban<br \/>\n9. Martyna Bieniarz<\/p>\n<p>III. Grupa &#8222;A&#8221; &#8211; M\u0119skie dru\u017cyny po\u017carnicze:<\/p>\n<p>1. Bart\u0142omiej Witek<br \/>\n2. Mateusz Witek syn Kaziemierza<br \/>\n3. Mateusz Witek syn Tadeusza<br \/>\n4. Mateusz Burek<br \/>\n5. Mateusz Drupka<br \/>\n6. Bartek Dudek<br \/>\n7. Micha\u0142 Dudek<br \/>\n8. Damian Lech<br \/>\n9. Micha\u0142 Kot<\/p>\n","protected":false},"excerpt":{"rendered":"<p>Zawody sportowo-po\u017carnicze to nieod\u0142\u0105czny element z kt\u00f3rym zwi\u0105zana jest ochotnicza stra\u017c po\u017carna. Druhowie niejednokrotnie reprezentowali nasz\u0105 jednostk\u0119, gmin\u0119 oraz powiat<\/p>\n","protected":false},"author":2,"featured_media":0,"parent":0,"menu_order":0,"comment_status":"closed","ping_status":"closed","template":"","meta":[],"_links":{"self":[{"href":"http:\/\/medynia-lancucka.osp.org.pl\/index.php?rest_route=\/wp\/v2\/pages\/553"}],"collection":[{"href":"http:\/\/medynia-lancucka.osp.org.pl\/index.php?rest_route=\/wp\/v2\/pages"}],"about":[{"href":"http:\/\/medynia-lancucka.osp.org.pl\/index.php?rest_route=\/wp\/v2\/types\/page"}],"author":[{"embeddable":true,"href":"http:\/\/medynia-lancucka.osp.org.pl\/index.php?rest_route=\/wp\/v2\/users\/2"}],"replies":[{"embeddable":true,"href":"http:\/\/medynia-lancucka.osp.org.pl\/index.php?rest_route=%2Fwp%2Fv2%2Fcomments&post=553"}],"version-history":[{"count":4,"href":"http:\/\/medynia-lancucka.osp.org.pl\/index.php?rest_route=\/wp\/v2\/pages\/553\/revisions"}],"predecessor-version":[{"id":588,"href":"http:\/\/medynia-lancucka.osp.org.pl\/index.php?rest_route=\/wp\/v2\/pages\/553\/revisions\/588"}],"wp:attachment":[{"href":"http:\/\/medynia-lancucka.osp.org.pl\/index.php?rest_route=%2Fwp%2Fv2%2Fmedia&parent=553"}],"curies":[{"name":"wp","href":"https:\/\/api.w.org\/{rel}","templated":true}]}}

Sport pożarniczy

<p>Zawody sportowo-pożarnicze to nieodłączny element z którym związana jest ochotnicza straż pożarna. Druhowie niejednokrotnie reprezentowali naszą jednostkę, gminę oraz powiat zajmując często wysokie miejsca na podium. Jednym z większych sukcesów który udało się osiągnąć strażakom z naszej jednostki jest trzecie miejsce na wojewódzkich zawodach-sportowo pożarniczych w grupie A. Cały czas dbamy o to aby podnosić swoje umiejętności w różnych grupach wiekowych oraz dumnie reprezentować jednostkę podczas rywalizacji. Na chwilę obecną możemy się poszczycić trzema drużynami, jedną męską oraz dwiema młodzieżowymi:</p>
<p>I. Grupa CTIF chłopców:</p>
<p>1. Kacper Woś<br />
2. Piotr Kępa<br />
3. Waldemar Kłonicki<br />
4. Mateusz Dołęga<br />
5. Marcin Chmiel<br />
6. Krystian Litwin<br />
7. Bartek Lech<br />
8. Konrad Kornak<br />
9. Kacper Piersiak<br />
10. Arkadiusz Woś</p>
<p>II. Grupa CTIF dziewcząt:</p>
<p>1. Gabriela Dembowska<br />
2. Justyna Buż<br />
3. Karolina Grzesik<br />
4. Martyna Grzesik<br />
5. Weronika Chorzępa<br />
6. Katarzyna Kotula<br />
7. Aleksandra Witek<br />
8. Zuzanna Urban<br />
9. Martyna Bieniarz</p>
<p>III. Grupa &#8222;A&#8221; &#8211; Męskie drużyny pożarnicze:</p>
<p>1. Bartłomiej Witek<br />
2. Mateusz Witek syn Kaziemierza<br />
3. Mateusz Witek syn Tadeusza<br />
4. Mateusz Burek<br />
5. Mateusz Drupka<br />
6. Bartek Dudek<br />
7. Michał Dudek<br />
8. Damian Lech<br />
9. Michał Kot</p>

<p>Zawody sportowo-pożarnicze to nieodłączny element z którym związana jest ochotnicza straż pożarna. Druhowie niejednokrotnie reprezentowali naszą jednostkę, gminę oraz powiat</p>
